029 = -5*m + 3*o, -12 + 2 = -s*o. What is the units digit of m?
7
Let k = -184 - -95. Let s = k + 98. Suppose -s*a + 228 + 834 = 0. What is the units digit of a?
8
Let h(n) be the third derivative of -11*n**6/120 + 2*n**5/15 - 7*n**4/24 - 17*n**3/2 - 93*n**2. What is the thousands digit of h(-5)?
1
Suppose 13*f = 8*f + 20. Suppose -2*l + w - 5*w = 90, -f*w = -20. What is the tens digit of (-1551)/l + (-2)/10?
2
Let b(s) = -15 - 29*s + 5 - 24. What is the tens digit of b(-12)?
1
Let l(z) = 130*z**3 + 2*z**2 - 2. Let q be l(-1). Let n = 413 - q. What is the tens digit of n?
4
Let t(l) be the first derivative of -3*l - 46 + 4/3*l**3 - 3/2*l**2. What is the units digit of t(-3)?
2
Let a be (-9)/(-36)*1*8. Suppose 4*w + 7 = i + 5*w, 0 = -a*i + 5*w. What is the units digit of i/(45/(-291))*-3?
7
Suppose -308*d + 258*d = -101163 - 199937. What is the units digit of d?
2
Let m = -5059 - -5067. Let i = -50 - -102. What is the units digit of m/i - (-4910)/26?
9
Let v(f) = 2645*f**2 + 540*f + 4. What is the tens digit of v(3)?
2
Suppose -723 = -18*f + 33. Suppose 44*z = f*z + 114. What is the tens digit of z?
5
Let y be 50886/24 + (-2)/8. Suppose u + 2632 = 5*z, 7*z + 4*u - y = 3*z. What is the hundreds digit of z?
5
Let v(g) be the third derivative of g**5/60 + 2*g**4/3 + 29*g**3/6 + 10*g**2 + 4. Suppose -4*q = -4*h - 31 - 45, 2*q + 4 = -h. What is the units digit of v(h)?
1
Suppose -77 = -4*k - 37. Let m be (48/32)/(1/k). What is the hundreds digit of 115/1 - (m + -14)?
1
What is the units digit of 8450*(2 - (6/(-8))/(23/(-46)))?
5
What is the tens digit of ((-3515580)/(-96))/5 - (-2)/(-16)?
2
Let m be (0/1)/3 + 53 + 63. Let i be 12/(-8)*1*-22. Let f = m - i. What is the tens digit of f?
8
What is the thousands digit of (345/(-138) - 1/2)*(-22400 - -1)?
7
Suppose -204*q - 30324 - 4861 = 23*q. Let i(w) = -9*w**3 - 3*w**2 + 2*w - 4. Let d be i(3). Let y = q - d. What is the hundreds digit of y?
1
Let v = -16189 + 37662. What is the tens digit of v?
7
Let f(u) = -550*u**2 + 6*u + 20. Let g be f(-3). What is the hundreds digit of (6/(-24)*g)/(-2 - -3)?
2
What is the tens digit of (-3)/(-6) - 27450/(-12)?
8
Suppose -4*w + 73007 = 3*d, d - 5*w = 6888 + 17416. What is the thousands digit of d?
4
Let x = -398 + 380. What is the tens digit of -118*7/28*x?
3
Suppose -3074048 = 3*y - 131*y. What is the units digit of y?
6
Let f(c) = 7*c - 7 + c - 18*c**2 + c**3 + 6*c**2. Suppose 5*r - 1380 = -110*r. What is the tens digit of f(r)?
8
Suppose -2*t + 5*n = -14584, -39*t = -34*t - n - 36483. What is the thousands digit of t?
7
Let q = 4404 - 904. What is the thousands digit of q?
3
Suppose 2*j - 3*t = 1002, 5*j - 3*j - 2*t = 996. What is the units digit of j?
2
Let r = -6 - -11. Suppose 5*o + 2*g + 11 = 2*o, r*g + 20 = 0. What is the tens digit of o + 20/12 - (-986)/6?
6
What is the hundreds digit of ((-1086)/(-15))/(63/3150)?
6
Suppose 207327 = 4*i - 5*w, 0 = -4*i - 133*w + 136*w + 207313. What is the tens digit of i?
2
Suppose 0 = 4*y + 16, -22*y + 17*y = -4*w + 12652. What is the units digit of w?
8
What is the hundreds digit of (-5)/(-1) - (12 - (-10530)/(-6))?
7
Let l(g) = -2*g - 19. Let q be l(-4). Let s(v) be the second derivative of -v**5/20 - 2*v**4/3 + 7*v**3/3 - 23*v**2/2 - 21*v. What is the units digit of s(q)?
6
Suppose 25*d - 24*d - 336 = 5*z, -5*z - 1740 = -5*d. Suppose -3*q + 617 = 5*h, 0*q - d = -3*h + 3*q. What is the tens digit of h?
2
What is the tens digit of 9825522/161 - 18/207?
2
Let m = 1840 + 1298. What is the tens digit of (8/(-12))/((-4)/m)?
2
Let y = -345 + 648. Suppose 2*b + 987 = y. What is the hundreds digit of 172/6*-1*b/76?
1
Suppose -87*n - 13*n + 4619375 = 25*n. What is the thousands digit of n?
6
Let u = 1534 + 4082. What is the tens digit of u?
1
Suppose 24*r = 20*r. Suppose 4*w + 321 = 4*m - 699, 2*w - 2 = r. What is the hundreds digit of m?
2
Suppose -130*y + 1267488 = -76*y. What is the ten thousands digit of y?
2
Suppose 179*h = 192*h + 286. What is the units digit of 24/44 - 18556/h?
4
Let z = -512 + 519. Let a(b) = 231*b - 189. What is the thousands digit of a(z)?
1
Let f(p) = 16*p**2 - 276*p - 735. What is the thousands digit of f(67)?
2
Suppose -5*v - 4*p + 41 = 0, p = -2*v - 0*p + 17. Let y(z) = 20*z**2 - 6*z - 40. What is the thousands digit of y(v)?
1
Let c = 374 + -264. Let t be 3/(-6) - (c/4)/(-1). What is the units digit of (0 + -2)/(-6)*t?
9
Suppose v - 35493 = -4*z + 372, -2*z + 2*v = -17920. What is the thousands digit of z?
8
Suppose 64*j - 1222 = 38*j. Let h = -42 - -168. Let w = h - j. What is the tens digit of w?
7
Suppose 4*u - 9415 - 8052 = -d, -5*u + 5*d = -21865. What is the thousands digit of u?
4
Suppose 4*m = 28*l - 23*l - 226145, -5*l = -m - 226130. What is the ten thousands digit of l?
4
Let m = -10294 - -25425. What is the hundreds digit of m?
1
Let i(m) = m**3 - 21*m**2 + 21*m - 9. Let z(u) = -u**2 - 11*u + 2. Let s be ((-6)/(-4))/(6 - (-111)/(-18)). Let c be z(s). What is the units digit of i(c)?
1
Suppose 0 = -t - 3*d + 135 + 733, 0 = -t + 4*d + 847. What is the hundreds digit of t?
8
Suppose 2 = -2*n - 4*x, -n = -2*n + 4*x + 29. Suppose -n*m + 21 = -15. Suppose 18 = m*y - 142. What is the tens digit of y?
4
Let q(l) = -2*l + 3 - 5*l**2 + 6*l**2 - 3*l**2 - l**3 - 4. Let i be q(-2). Suppose 0 = a - m - 40, m - i*m - 123 = -3*a. What is the tens digit of a?
4
Let j(z) = -z - 3. Let f be j(-6). Suppose -4*b - 136 + 147 = 3*g, g + 5*b + 11 = 0. Suppose 2*r = -0*d - 5*d + 157, -g = f*d. What is the units digit of r?
6
Let k(x) = 20*x**2 + 17*x - 200. What is the hundreds digit of k(22)?
8
Suppose 129989 = 116*l - 73*l. What is the tens digit of l?
2
Let m = 11601 - 6408. Suppose 26*p = 17*p + m. What is the tens digit of p?
7
Let d = -15 - -28. Let c(q) = 204*q**2 - 4*q + 6. Let x be c(3). Suppose 0 = d*y - 3*y - x. What is the tens digit of y?
8
Let f = 912 + -908. Suppose 2*d - 83 = -5*v, f*d = 4*v - v - 55. What is the units digit of v?
7
Suppose -t = -4*z - 3*t + 24, -4*t + 8 = -2*z. Suppose z*s - 12 = -16. What is the units digit of s - 126/(2 - 5)?
1
Let i(t) = -72*t + 19253. What is the thousands digit of i(-198)?
3
Let h be (-11 - -12)/((-2)/(-44)). Let u(f) = 4*f**2 + 92 - 183 + 85 - h*f. What is the tens digit of u(7)?
3
Let i be (-4)/6 - (4 + (-40)/6). Let d be ((-239)/i)/((-7)/14). Let j = -158 + d. What is the units digit of j?
1
Let a be (-1 + -3)*((-519)/(-6))/(-1). Suppose -11*h = -12*h + a. Let x = h - 146. What is the tens digit of x?
0
Let h be (-212)/(-6)*(-30)/(-4). Let k be (6 - 3)*(-4 - (-800)/(-24)). Let q = h + k. What is the hundreds digit of q?
1
Let o(i) = -i**3 - 4*i**2 - 5*i - 3. Let d be o(-2). Let r be d - 8 - -4 - -1. Let h(w) = -15*w - 17. What is the units digit of h(r)?
3
Suppose 0 = 5*j - 2*y - 91452, -3*j + 9*y - 10*y + 54858 = 0. What is the tens digit of j?
8
Let m(j) = 50*j - 15. Let s be m(-5). Let n = -151 - s. Suppose 8*t = 142 + n. What is the units digit of t?
2
Suppose 3*u - 83929 = -5*c + 2*u, 3*c = 2*u + 50360. What is the hundreds digit of c?
7
Suppose 0*n - 31000 = -8*n. Suppose 1251 = -8*h + n. What is the units digit of h?
8
Let y(v) = -125*v - 4. Let k(z) = 124*z + 3. Let l(i) = -5*k(i) - 6*y(i). What is the hundreds digit of l(2)?
2
Suppose 75 = 4*q + 55. Suppose 4*p - 3*g - 728 = 0, 0*p + q*g + 535 = 3*p. What is the hundreds digit of p?
1
Let h(b) = 5*b**2 - 5*b + 5. Let o be h(3). Let r = 28 - o. Let u(d) = d**2 - 5. What is the units digit of u(r)?
4
Suppose -81988 = 5*g + 5*g - 289198. What is the ten thousands digit of g?
2
Suppose 15 = 2*z + 2*z + 5*q, 3*z + q = 25. Suppose -14548 + 3648 = -z*v. Suppose -13*t + v = -1445. What is the hundreds digit of t?
1
Let x(l) = 2*l**3 - 87*l**2 + 221*l + 141. What is the hundreds digit of x(56)?
9
Let v = 16130 + -6682. What is the hundreds digit of v?
4
Let y(r) = -2*r**3 - 8*r**2 - 13*r - 10. Let w(o) = -o**2 - 3*o + 23. Let p be w(-7). Let d be y(p). Suppose -5*k + 0*k + d = 0. What is the tens digit of k?
2
Let b be (-2)/((-5)/(-15)*-3). Suppose 0 = 4*j - 3*w - 10, 2*j - 16 = -3*j + b*w. Suppose 0 = -j*x - 85 + 421. What is the tens digit of x?
8
What is the hundreds digit of 2 + (-36)/15 - ((-755560)/25 - 5)?
2
Let t = 15333 - 5153. What is the ten thousands digit of t?
1
Let f = -8 + 27. Le